s the ten thousands digit of 71604?
7
What is the hundred thousands digit of 4866463?
8
What is the units digit of 15250384?
4
What is the hundreds digit of 1232028?
0
What is the ten thousands digit of 849846?
4
What is the thousands digit of 183692?
3
What is the ten thousands digit of 9288362?
8
What is the millions digit of 4575445?
4
What is the hundred thousands digit of 4322448?
3
What is the ten millions digit of 12632716?
1
What is the ten thousands digit of 2356248?
5
What is the hundreds digit of 176986?
9
What is the tens digit of 3908850?
5
What is the tens digit of 121742?
4
What is the tens digit of 518324?
2
What is the ten thousands digit of 3757272?
5
What is the units digit of 238513?
3
What is the millions digit of 1136611?
1
What is the hundreds digit of 45917?
9
What is the units digit of 1861698?
8
What is the hundred thousands digit of 203382?
2
What is the tens digit of 25470147?
4
What is the units digit of 3537538?
8
What is the units digit of 56652?
2
What is the units digit of 254928?
8
What is the thousands digit of 37298?
7
What is the tens digit of 4356852?
5
What is the thousands digit of 286086?
6
What is the ten thousands digit of 341617?
4
What is the units digit of 3470177?
7
What is the ten thousands digit of 1287832?
8
What is the millions digit of 1586568?
1
What is the tens digit of 180364?
6
What is the ten thousands digit of 184880?
8
What is the tens digit of 462311?
1
What is the millions digit of 1804082?
1
What is the units digit of 3831643?
3
What is the hundreds digit of 2038913?
9
What is the millions digit of 3570546?
3
What is the ten thousands digit of 12404946?
0
What is the tens digit of 5447522?
2
What is the millions digit of 2307379?
2
What is the hundreds digit of 3590144?
1
What is the hundred thousands digit of 650231?
6
What is the ten thousands digit of 124518?
2
What is the hundred thousands digit of 1916731?
9
What is the ten thousands digit of 609231?
0
What is the units digit of 432890?
0
What is the hundred thousands digit of 10997418?
9
What is the hundreds digit of 2165094?
0
What is the tens digit of 9849946?
4
What is the hundreds digit of 1284893?
8
What is the ten thousands digit of 3202130?
0
What is the units digit of 38244?
4
What is the hundred thousands digit of 312870?
3
What is the ten thousands digit of 1833766?
3
What is the thousands digit of 830108?
0
What is the units digit of 2229763?
3
What is the tens digit of 288874?
7
What is the tens digit of 2554372?
7
What is the tens digit of 622501?
0
What is the thousands digit of 744898?
4
What is the hundred thousands digit of 269587?
2
What is the millions digit of 1905601?
1
What is the hundred thousands digit of 958829?
9
What is the hundred thousands digit of 4935383?
9
What is the units digit of 11291086?
6
What is the hundred thousands digit of 1162541?
1
What is the ten thousands digit of 994441?
9
What is the ten thousands digit of 325850?
2
What is the hundred thousands digit of 14514061?
5
What is the hundred thousands digit of 275022?
2
What is the tens digit of 2091527?
2
What is the hundred thousands digit of 133845?
1
What is the ten thousands digit of 433839?
3
What is the hundreds digit of 170472?
4
What is the tens digit of 5345334?
3
What is the ten thousands digit of 1232570?
3
What is the hundreds digit of 10199504?
5
What is the hundreds digit of 7500239?
2
What is the thousands digit of 693993?
3
What is the thousands digit of 3481982?
1
What is the tens digit of 67578?
7
What is the ten thousands digit of 8399067?
9
What is the hundred thousands digit of 9797613?
7
What is the millions digit of 17155613?
7
What is the hundred thousands digit of 7052351?
0
What is the units digit of 12644917?
7
What is the hundreds digit of 630298?
2
What is the thousands digit of 261858?
1
What is the hundreds digit of 9539528?
5
What is the thousands digit of 106432?
6
What is the hundreds digit of 17585970?
9
What is the thousands digit of 725561?
5
What is the ten thousands digit of 1153939?
5
What is the thousands digit of 139639?
9
What is the ten millions digit of 19466376?
1
What is the hundred thousands digit of 4183036?
1
What is the tens digit of 224921?
2
What is the hundred thousands digit of 2480858?
4
What is the hundred thousands digit of 448404?
4
What is the tens digit of 37170?
7
What is the hundreds digit of 1512656?
6
What is the units digit of 2136948?
8
What is the units digit of 4982232?
2
What is the units digit of 442146?
6
What is the tens digit of 293434?
3
What is the ten thousands digit of 4196885?
9
What is the millions digit of 4932903?
4
What is the thousands digit of 1414238?
4
What is the ten thousands digit of 832020?
3
What is the millions digit of 8285737?
8
What is the hundreds digit of 490659?
6
What is the units digit of 308958?
8
What is the thousands digit of 5321978?
1
What is the units digit of 1344173?
3
What is the hundred thousands digit of 13415373?
4
What is the units digit of 5719131?
1
What is the millions digit of 2653862?
2
What is the tens digit of 399539?
3
What is the hundred thousands digit of 264686?
2
What is the units digit of 443617?
7
What is the tens digit of 146050?
5
What is the hundred thousands digit of 418788?
4
What is the hundreds digit of 2793055?
0
What is the hundreds digit of 1084346?
3
What is the tens digit of 370257?
5
What is the hundreds digit of 46216?
2
What is the thousands digit of 16751?
6
What is the ten thousands digit of 332098?
3
What is the tens digit of 197300?
0
What is the tens digit of 1086418?
1
What is the units digit of 33465607?
7
What is the hundreds digit of 161137?
1
What is the hundred thousands digit of 13646515?
6
What is the thousands digit of 211336?
1
What is the ten thousands digit of 733085?
3
What is the hundred thousands digit of 556392?
5
What is the tens digit of 1061805?
0
What is the hundreds digit of 20305088?
0
What is the units digit of 529163?
3
What is the units digit of 666903?
3
What is the thousands digit of 270588?
0
What is the hundred thousands digit of 1909055?
9
What is the hundreds digit of 764434?
4
What is the hundreds digit of 64662?
6
What is the units digit of 1521607?
7
What is the thousands digit of 11289794?
9
What is the units digit of 106295?
5
What is the ten thousands digit of 1056703?
5
What is the ten thousands digit of 5691841?
9
What is the hundreds digit of 2817096?
0
What is the hundreds digit of 532794?
7
What is the thousands digit of 8065562?
5
What is the thousands digit of 6593136?
3
What is the ten thousands digit of 362493?
6
What is the tens digit of 300804?
0
What is the hundreds digit of 362920?
9
What is the thousands digit of 2974466?
4
What is the thousands digit of 27508191?
8
What is the tens digit of 5656801?
0
What is the ten thousands digit of 1945051?
4
What is the units digit of 982700?
0
What is the units digit of 9981569?
9
What is the hundreds digit of 1645216?
2
What is the units digit of 3691817?
7
What is the millions digit of 6118638?
6
What is the tens digit of 30837?
3
What is the thousands digit of 581925?
1
What is the units digit of 14222846?
6
What is the hundreds digit of 567550?
5
What is the tens digit of 410305?
0
What is the tens digit of 1380528?
2
What is the units digit of 4525440?
0
What is the hundred thousands digit of 12651750?
6
What is the hundred thousands digit of 11755054?
7
What is the units digit of 573850?
0
What is the ten thousands digit of 93030?
9
What is the tens digit of 31260027?
2
What is the thousands digit of 91025?
1
What is the hundred thousands digit of 295699?
2
What is the thousands digit of 1239783?
9
What is the hundred thousands digit of 5338838?
3
What is the thousands digit of 52850?
2
What is the tens digit of 1315452?
5
What is the ten thousands digit of 491644?
9
What is the millions digit of 3524358?
3
What is the thousands digit of 821625?
1
What is the millions digit of 4223640?
4
What is the units digit of 1872890?
0
What is the ten thousands digit of 1546114?
4
What is the ten thousands digit of 6999924?
9
What is the ten thousands digit of 1129688?
2
What is the thousands digit of 335619?
5
What is the ten thousands digit of 2314614?
1
What is the tens digit of 3942057?
5
What i